222211
What is -b8369 (base 12) in base 14?
-644c9
3797a (base 12) to base 10
75694
-812 (base 15) to base 13
-a9a
What is 1616012 (base 7) in base 9?
368752
Convert -aac7ce (base 16) to base 14.
-16b4b5c
What is 171758 (base 12) in base 4?
1200313310
What is -4408174 (base 9) in base 14?
-458d48
923b45 (base 12) to base 16
22e8a5
What is ea2d5 (base 15) in base 7?
6213422
-10011111101010111001 (base 2) to base 16
-9fab9
What is 333616 (base 9) in base 11?
1269a0
Convert -2e057 (base 15) to base 6.
-3103514
What is 124875 (base 12) in base 15?
5d672
What is -20000022010 (base 3) in base 7?
-1001643
5a648 (base 11) to base 4
111103331
-28596 (base 10) to base 5
-1403341
Convert 1111032000 (base 4) to base 2.
1010101001110000000
What is -11412012 (base 7) in base 10?
-1011516
55664c (base 15) to base 8
17420370
What is 12123120 (base 4) in base 10?
26328
What is 6a8a8 (base 16) in base 14?
b506c
What is 109311 (base 15) in base 7?
6501331
417e1 (base 15) to base 14
5596d
What is -8508a (base 16) in base 7?
-4426435
What is -22652442 (base 7) in base 15?
-2966b3
-32303001332 (base 4) to base 15
-519528
Convert 4412151 (base 6) to base 3.
102011010111
Convert -2267bc4 (base 13) to base 3.
-201220202211212
What is 110000000110100001000 (base 2) in base 8?
6006410
Convert 10000010001010111000 (base 2) to base 16.
822b8
What is -221221220101 (base 3) in base 16?
-7cbee
-316151 (base 9) to base 15
-3ab74
43bb (base 13) to base 12
5575
What is -155301532 (base 6) in base 13?
-8ca770
What is 31537074 (base 9) in base 5?
12342403241
What is 1b7332 (base 12) in base 4?
1313200112
What is 8745441 (base 9) in base 12?
16a5101
What is 3359146 (base 10) in base 2?
1100110100000110101010
What is a42857 (base 16) in base 12?
37299b3
Convert -a93265 (base 11) to base 2.
-110101010011010011001
Convert 2886367 (base 10) to base 8.
13005337
What is -3992a (base 13) in base 9?
-172713
Convert 1400122 (base 6) to base 8.
227762
Convert 14365115 (base 10) to base 13.
2c8c68b
Convert -16a6b3 (base 16) to base 3.
-2210102022021
What is -110010111010010 (base 2) in base 7?
-135665
Convert 24828 (base 9) to base 2.
100000101001000
3010332101 (base 4) to base 12
32aa95
1000111110111100010 (base 2) to base 12
12242a
416757 (base 9) to base 13
889c9
Convert -1733436 (base 10) to base 16.
-1a733c
What is -210212010120 (base 3) in base 9?
-725116
Convert 12b29 (base 13) to base 9.
52721
What is -a5503 (base 11) in base 15?
-307ed
Convert 1010211 (base 6) to base 3.
2102212221
-42511 (base 8) to base 16
-4549
Convert 35250530 (base 7) to base 6.
150313515
Convert 11100110111101000 (base 2) to base 9.
200176
Convert 494564 (base 10) to base 2.
1111000101111100100
8b17a9 (base 13) to base 16
322be2
1433100 (base 6) to base 5
10113312
Convert 813377 (base 11) to base 14.
2606c1
Convert 456162 (base 7) to base 12.
3b120
What is 183840 (base 9) in base 2?
11011111011101000
What is -4725676 (base 9) in base 13?
-6b67a5
114131 (base 6) to base 11
7563
What is 1100001010111000010 (base 2) in base 15?
7d25b
Convert -46e480 (base 16) to base 2.
-10001101110010010000000
3100434 (base 6) to base 13
52429
Convert 121a9b (base 12) to base 3.
112220201202
Convert 5a1841 (base 11) to base 4.
3220322121
Convert 31c136 (base 15) to base 16.
2427f6
What is 3c465 (base 16) in base 4?
330101211
Convert 120e723 (base 15) to base 10.
12958233
1a9b02 (base 13) to base 12
288809
Convert -1011003111 (base 4) to base 3.
-112100222110
What is 128311 (base 9) in base 7?
444103
Convert 5707344 (base 9) to base 14.
5a0d78
-38cb8b (base 16) to base 10
-3722123
What is 2333300 (base 5) in base 6?
530502
109 (base 13) to base 10
178
What is 40134430 (base 5) in base 8?
1155243
What is 7085174 (base 11) in base 15?
1176142
Convert 25163341 (base 7) to base 10.
2267749
What is 66621203 (base 8) in base 16?
db2283
-1a0b97 (base 15) to base 10
-1268242
-36aa69 (base 14) to base 4
-13021120311
What is -1411122411 (base 5) in base 15?
-4b5ca6
What is 73858 (base 11) in base 2?
11010001111110111
What is -7ae68 (base 15) in base 7?
-3220013
1511121 (base 8) to base 15
87918
-14780 (base 9) to base 13
-47b2
What is 3a1b1 (base 13) in base 12?
52592
What is -2e6e4 (base 15) in base 12?
-72a14
What is 145d6 (base 14) in base 12?
25314
What is 14964 (base 10) in base 12?
87b0
-196b10 (base 12) to base 7
-3542301
4578137 (base 10) to base 3
22121121000122
-5814546 (base 9) to base 15
-420366
Convert -224193 (base 10) to base 11.
-143492
What is 5634 (base 11) in base 12?
4362
207340 (base 8) to base 6
1253012
What is -7c314 (base 15) in base 14?
-a422d
363021 (base 7) to base 2
10000000101001111
Convert -1211011121 (base 5) to base 12.
-b45127
What is 16a67 (base 11) in base 14?
89dc
Convert -2ddc (base 16) to base 5.
-333430
-177d3 (base 15) to base 6
-1343543
21efcb (base 16) to base 10
2224075
Convert -882290 (base 11) to base 12.
-57b163
What is 41a565 (base 11) in base 6?
22230543
Convert -4083746 (base 10) to base 13.
-acca24
30143121 (base 5) to base 2
111010101100011011
What is 3924387 (base 10) in base 3?
21101101020200
16413150 (base 8) to base 14
711480
231312131220 (base 4) to base 8
55663550
-115515323 (base 6) to base 12
-8b8b43
-2a25a7 (base 11) to base 12
-1a9108
What is -4a94770 (base 11) in base 2?
-100001101100111011010011
-34179c (base 15) to base 3
-11200021202210
What is 5391a8 (base 11) in base 16?
d24d4
b6b1a (base 12) to base 3
110012022111
What is 10110000000001001110100 (base 2) in base 11?
328a481
Convert 422ba (base 13) to base 10.
119129
What is 2ab830 (base 14) in base 7?
15451460
What is -63388 (base 10) in base 16?
-f79c
-2012110002022 (base 3) to base 6
-41025055
What is -200012212 (base 3) in base 16?
-33e0
Convert 629852 (base 10) to base 3.
1011222222212
What is -237862 (base 13) in base 10?
-845080
Convert 7155f4 (base 16) to base 13.
1700a19
What is 470a06 (base 12) in base 5?
243020201
Convert -1186ca (base 15) to base 11.
-52300a
Convert 1466545 (base 7) to base 3.
101020120101
What is -6ce1 (base 16) in base 9?
-42210
Convert 640152 (base 8) to base 6.
4322322
What is 1cc4cd (base 14) in base 15?
155ec4
2112211220120 (base 3) to base 15
1bb7d0
Convert 11200100221 (base 3) to base 8.
263732
Convert 10111011111001011110101 (base 2) to base 4.
113133023311
-1132231000 (base 4) to base 8
-1365500
-571c86 (base 14) to base 2
-1011010011011100101110
Convert 8aa5 (base 14) to base 6.
303213
-41302431 (base 5) to base 14
-8b1b4
124b4 (base 15) to base 5
3332234
What is -2a865 (base 12) in base 10?
-59981
549e8 (base 15) to base 13
954c2
-2010101011 (base 3) to base 8
-121543
What is 1111012211011 (base 3) in base 12?
3220b7
30412121 (base 5) to base 15
4d641
What is -2003390 (base 11) in base 9?
-6606322
Convert -20d1a (base 14) to base 15.
-187d9
Convert -101101010010001000010 (base 2) to base 12.
-5b6856
Convert -43466 (base 7) to base 9.
-15825
Convert 5321650 (base 7) to base 8.
2352054
What is -1a83e4 (base 16) in base 4?
-12220033210
Convert 202202200111221 (base 3) to base 2.
101010000110010101001010
2a1832 (base 15) to base 3
10211010221102
-2133013 (base 4) to base 3
-111222011
What is 111121020122001 (base 3) in base 16?
6e4c4f
Convert -557104 (base 9) to base 16.
-515b6
Convert -37173 (base 9) to base 4.
-12011211
Convert 1dfea (base 16) to base 12.
5b122
3825c (base 13) to base 12
4bbb6
-61004 (base 8) to base 6
-312100
What is -720664 (base 13) in base 16?
-288bf5
777647 (base 8) to base 11
169982
Convert -1130215 (base 6) to base 14.
-173d9
What is 10121230 (base 5) in base 15?
1977a
What is a60d (base 16) in base 9?
64272
What is -129b8c (base 16) in base 6?
-42045404
Convert 10320411233 (base 5) to base 9.
22808026
Convert -13203021331 (base 4) to base 2.
-111100011001001111101
Convert -5b8046 (base 14) to base 11.
-1850448
What is -100000010100100010011 (base 2) in base 6?
-34411111
234522 (base 7) to base 9
64206
Convert -10201212021222 (base 3) to base 9.
-3655258
Convert ab258 (base 12) to base 5.
24223344
-42255324 (base 6) to base 11
-774932
-1001201012110 (base 3) to base 4
-2021332002
12235 (base 11) to base 7
102156
Convert 33200330 (base 5) to base 7.
2305312
123553052 (base 6) to base 4
21100022120
110624603 (base 7) to base 11
3863601
7885f6 (base 16) to bas